he prime factors of (-1393)/(-5) + (-5)/(r/6).
3, 31
What are the prime factors of (3/5)/((-12)/(-4440))?
2, 3, 37
Let f(p) = -149*p + 12. List the prime factors of f(-2).
2, 5, 31
Let n(x) = 246*x - 146. List the prime factors of n(3).
2, 37
Let w = 951 + -44. What are the prime factors of w?
907
What are the prime factors of 697 + 0 + (-14)/(-7)?
3, 233
Let p(g) = g**3 + g - 11. Let b be p(0). Let l(a) = -a - 11. Let j be l(b). Suppose j = -r - 3*t + 1, 0 = 4*t + 2 + 2. List the prime factors of r.
2
Let o = -24 + 17. Let j(x) = -x**3 - 7*x**2 - 3*x - 9. List the prime factors of j(o).
2, 3
Let b(w) = 11*w**2 + 15*w + 12. What are the prime factors of b(6)?
2, 3, 83
Let b = 38 + -37. What are the prime factors of 86*(b + 2*(-4)/(-16))?
3, 43
Let j = -25 - -26. What are the prime factors of j + (28 - -4 - -4)?
37
Let p(d) = 9*d**2 - 14*d + 183. List the prime factors of p(-19).
2, 43
Let f(o) = o**3 - 7*o**2 - 15*o + 10. Let n be f(8). Let q = -7 + -14. Let s = q - n. List the prime factors of s.
5
Let c(f) = -64*f - 351. What are the prime factors of c(-34)?
5, 73
Suppose 0 = p + 2*w - 473, p - 187 - 292 = 4*w. List the prime factors of p.
5, 19
Let b = 2479 - 1655. List the prime factors of b.
2, 103
Suppose -84 = 4*p + 4*r, 8*p + 97 = 3*p + 3*r. Let z be (-4)/(-10) + (-92)/p. Suppose -4*d + 64 = z*b - 10, d + 4*b = 24. List the prime factors of d.
2
Let j(m) = -m**2 + 8*m + 37. Let x be j(11). Suppose -x*i + 5*i = 9. List the prime factors of i.
3
Let s(m) = -2*m. Let l be (-6)/(-3) + 4/(-2). Let c be s(l). List the prime factors of -1 + 1 + (c - -16).
2
Let l = 127 + 22. Suppose -3*g = -2*b - l, g - 10 = -g. Let d = -47 - b. What are the prime factors of d?
2, 5
Let h = -3064 + 5107. What are the prime factors of h?
3, 227
Let t(y) = y + 41. Let w be ((-252)/(-30))/((-9)/(-30)). Suppose -2*d - w = 2*p, 5*p + 3*d + 40 = -26. List the prime factors of t(p).
29
Suppose -5*y = -4*y - 11. Let z(o) = o. Let r be z(y). Let q = r - -25. What are the prime factors of q?
2, 3
Suppose -5*y + 875 + 185 = 0. Let t = -106 + y. List the prime factors of t.
2, 53
Suppose -8265 = -23*y - 1779. What are the prime factors of y?
2, 3, 47
Let y be 22/(1504/(-500) + 3). Let s be ((-2)/(-5))/((-10)/y). Suppose 0 = -8*f + 3*f + s. List the prime factors of f.
2, 11
Let a be (2/3)/((-7)/21). Let o(l) = 2*l + 7. Let q be o(-5). What are the prime factors of 13/(q/(-7 + a))?
3, 13
Let b = 39 - 39. Suppose b = y + 11*y - 528. List the prime factors of y.
2, 11
Let d = -1094 + 2272. List the prime factors of d.
2, 19, 31
Let x(h) = 7*h**2 + h + 518. What are the prime factors of x(21)?
2, 7, 37
Let a = 12 + 1. Let c = a + 7. What are the prime factors of (-2)/((-4)/c*2)?
5
Let g(m) = -12*m - 4. Let z be g(6). Let k = z - -175. List the prime factors of k.
3, 11
Let z(j) = -2*j**3 - 7*j**2 + 6*j - 8 - 11*j + j**3. Let p be z(-8). Suppose 3*q = 3*m - p, -2*q = -2*m + 3*q + 70. List the prime factors of m.
2, 3, 5
Suppose -n = 3, -7*n = -d - 2*n + 767. What are the prime factors of d?
2, 47
Suppose 3*g = -74 + 227. Let h = g - 21. List the prime factors of (h/8)/((-18)/(-48)).
2, 5
Let j(h) = h**2 - h - 1. Let z be j(3). Suppose -4*i = 4*p + 100, 4*i = -p - 68 - 32. List the prime factors of 13/z + (-10)/i.
3
Let k be (3 + 1 + 496)/2. Let z = -45 + k. What are the prime factors of z?
5, 41
Let y(g) = g**2 - 2*g. Let w be y(-3). Let h = 6 - w. Let t = h - -28. List the prime factors of t.
19
Suppose -6*x - 212 = 52. Let r = 8 + -10. List the prime factors of (14 + -13)/(r/x).
2, 11
What are the prime factors of 4/(-22) - (3 - (-92420)/(-110))?
3, 31
Suppose 363 = 4*i - i. List the prime factors of i.
11
Let h(u) = 3*u**2 + u - 1. Let p be h(1). Suppose -5*y + 194 = -p*n, -146 = -3*y - 4*n - 47. List the prime factors of y.
37
Suppose 25 = 2*b - 55. Suppose -5 = 2*g - 3, -d + 2*g + b = 0. What are the prime factors of d?
2, 19
Let k = -1335 + 2082. What are the prime factors of k?
3, 83
Suppose -9 + 26 = a. Suppose -3*s + a = -13. Let m = s + -4. List the prime factors of m.
2, 3
Let d(t) be the second derivative of 7*t + 0 - 3/2*t**3 - 1/2*t**4 - 1/20*t**5 - 3*t**2. What are the prime factors of d(-6)?
2, 3
Suppose 11*d + 15 = 70. Suppose -2*x - 7 = -z - 2, x = -d*z + 14. What are the prime factors of z?
3
Let m(d) = 3*d - 3. Let s(x) = -x. Let z(k) = m(k) + 6*s(k). Let j be z(-3). Suppose 0 = 8*g - j*g - 36. List the prime factors of g.
2, 3
Suppose 0 = -3*u - 2*c + 4*c + 62, 3*u - 4*c = 58. Let n = u + -16. Suppose -252 = 2*b - n*b. What are the prime factors of b?
3, 7
Let t = -56 + 64. Suppose 4*x = t*x - 856. What are the prime factors of x?
2, 107
Let r(y) = -y**2 - 22*y - 53. What are the prime factors of r(-12)?
67
Suppose 2*n + 3*c = -0*c - 8, 0 = -c - 2. What are the prime factors of n/(-3)*(-3984)/(-16)?
83
Let n(w) = 21*w - 10. Let b be (-2)/1*((4 - 5) + -1). What are the prime factors of n(b)?
2, 37
Suppose -5*n + 2653 = 2*n. List the prime factors of n.
379
Let w = -28 + 13. Let n be (-60)/(-50)*w/2. What are the prime factors of (-540)/(-14) + n/(-21)?
3, 13
Suppose 0*s - 14 = -2*s. Suppose -3*i = -8*i - 3*r + 891, 3*i + 3*r - 531 = 0. Suppose 4*q + i = s*q. List the prime factors of q.
2, 3, 5
Let r(z) = z + 1. Let w(b) = 12*b - 16. Let v(s) = 4*r(s) + w(s). Let d be v(4). Suppose 4*o - d = 56. What are the prime factors of o?
3
Let w(t) = -2*t + 7*t**3 - 10*t**2 + t**3 - 10 - 9*t**3. Let f be w(-10). What are the prime factors of 328/f - 2/(-10)?
3, 11
Suppose 4*k + 2*i = -0*k + 3450, k + 2*i - 870 = 0. List the prime factors of k.
2, 5, 43
Suppose -20 + 0 = -5*q. Suppose -q*a - 6*u = -2*u - 192, 3*a - 5*u = 168. List the prime factors of a.
3, 17
Let n = 44 + -26. Let z = 25 - n. Suppose 0 = -5*o + z*o - 42. What are the prime factors of o?
3, 7
What are the prime factors of (3 + (-147)/9)*(-546)/35?
2, 13
Suppose 0 = 35*l + 503 - 9008. What are the prime factors of l?
3
Suppose 7*p - 1488 - 2201 = 0. List the prime factors of p.
17, 31
Let q = 98 - -592. List the prime factors of (39/9 + -4)*q.
2, 5, 23
Suppose -2*u = 3*i - 52, 2*u - 5*i = -3*u + 180. Suppose -3*k + u + 3 = -n, 15 = k + 3*n. Let d = 25 - k. What are the prime factors of d?
13
Let n(d) = -d**3 - 14*d**2 - 22*d + 44. What are the prime factors of n(-18)?
2, 7, 31
Suppose 39768 + 2296 = 11*w. List the prime factors of w.
2, 239
Let l = 1505 + -893. List the prime factors of l.
2, 3, 17
Let i = 4169 + -2335. What are the prime factors of i?
2, 7, 131
Let d be ((-162)/15)/(0 + 3/30). Let g = -52 - d. List the prime factors of g.
2, 7
Let m(k) = k**2 + k - 10. Let x be m(-4). Let z(g) = 5*g + 10 + g**x - 2 - 2. List the prime factors of z(-7).
2, 5
List the prime factors of 1 - (-14502)/12*2.
2, 3, 13, 31
Let l(w) = -6*w**3 - 8*w**2 + 3*w - 7. Let m(d) = 6*d + 62. Let n be m(-11). List the prime factors of l(n).
3, 79
List the prime factors of 6*(6 + (-4606)/(-12))/1.
2339
What are the prime factors of -1*8/16*-1732?
2, 433
Suppose -4*g + l + 357 = 0, -3*g - l = 4*l - 285. Let i = g + -88. What are the prime factors of i?
2
Suppose 298308 = 106*q + 23344. List the prime factors of q.
2, 1297
Let p(x) = 4*x - 18. Let y be p(9). Suppose 3*g - 8*g = -1190. Suppose -5*c = y - g. List the prime factors of c.
2, 11
Suppose 0 = -9*m + 4*m + 20, -m + 9 = r. Suppose 5*v - 2*v - 161 = -4*q, 0 = -5*q + r*v + 210. List the prime factors of q.
41
Let u = 97 + 679. List the prime factors of u.
2, 97
What are the prime factors of (2*1)/(104/156) + 2461?
2, 7, 11
Suppose -2*y + 7*y - 717 = -t, -4*t = -4*y - 2964. What are the prime factors of t?
11, 67
Let z = 40 + -35. Let s(l) = -l**2 + l. Let g(j) = j**3 - 10*j**2 + 8*j - 7. Let b(r) = -g(r) + 4*s(r). What are the prime factors of b(z)?
2, 3
Let i = 991 + -663. What are the prime factors of i?
2, 41
Let c = 128 - 43. Let i = c - -6. What are the prime factors of i?
7, 13
Suppose 2*r + 79*t = 82*t + 2916, 0 = 4*r - 2*t - 5824. What are the prime factors of r?
3, 5, 97
Suppose 29*q = 66*q - 48877. What are the prime factors of q?
1321
List the prime factors of (8/(-6))/(14/73752*-4).
2, 439
Let s = -104 - -272. Let r = s + -288. Let x = r + 169. List the prime factors of x.
7
What are the prime factors of ((-1644)/20)/(3/15*-1)?
3, 137
Let v(p) = -p**